5*f, 211 = 2*p - z*f. What is the tens digit of p?
1
What is the hundreds digit of 1174/10*(-2650)/(-106)?
9
Suppose -4*u - 87 = -4*f - u, -5*u - 115 = -5*f. Suppose 732 = -f*t + 15*t. Let g = -142 - t. What is the units digit of g?
2
Let y be (84/(-10))/((-52)/(-20) - 3). Let w = y - -78. What is the tens digit of w?
9
Suppose -45189 - 57935 = -2*c - 5*c. What is the thousands digit of c?
4
Let z(g) = -g + 2. Let t(b) = -b + 10. Let r be t(12). Let s be z(r). Suppose 28 = s*v - 24. What is the units digit of v?
3
Let u(c) = 6*c**3 + 2*c**2 - 31*c + 79. What is the thousands digit of u(9)?
4
Let s(a) = 174*a - 785. What is the hundreds digit of s(32)?
7
Suppose v - 2*m = 32364, -486*m + 484*m = -3*v + 97080. What is the ten thousands digit of v?
3
Let p(c) = -17*c**3 + 4*c**2 + 9*c - 4. Let r(d) = 16*d**3 - 4*d**2 - 8*d + 4. Let q(y) = 5*p(y) + 6*r(y). What is the tens digit of q(3)?
5
Suppose 44*w = -3516 + 216696. What is the hundreds digit of w?
8
Let g(q) = q**3 + 4*q**2 - 32*q + 8. Let h be g(-8). What is the hundreds digit of 4 - ((-202)/h)/(2/8)?
1
Let l = 25282 - -26463. What is the thousands digit of l?
1
Let x(a) = -9*a**2 + 14*a - 19. Let r(z) = -11*z**2 + 13*z - 18. Let f(p) = -3*r(p) + 2*x(p). What is the hundreds digit of f(4)?
2
Let s = -4465 - -24518. What is the hundreds digit of s?
0
Suppose -3*w + 22 = -8. Let s = 25 + w. What is the tens digit of s?
3
Suppose -1852 = 67*r - 65*r. Let x = r - -1390. What is the tens digit of x?
6
Suppose -8*r + 3*r + 3*n + 4 = 0, 2*r - 6 = -n. Suppose -5*i + 416 = -r*s, 38*i - 35*i = -s + 254. What is the units digit of i?
4
Let k(c) be the second derivative of 26*c**4/3 + 5*c**3/6 + 6*c**2 + 18*c. What is the units digit of k(3)?
3
Let v(k) = 391*k + 70. Let q be v(4). Let h = -1166 + q. What is the tens digit of h?
6
Let o = -222 - -435. Suppose -14083*c = -14062*c + 2058. Let l = c + o. What is the hundreds digit of l?
1
Suppose 386 = -36*n + 1754. Let j = n - -83. What is the tens digit of j?
2
Let o(g) = -2854*g - 2325. What is the thousands digit of o(-12)?
1
Suppose -1935 = -c + 42*w - 46*w, -4*w - 5805 = -3*c. What is the tens digit of c?
3
Let d(k) = -k**3 + 5*k**2 + k + 1. Let a be d(5). Let h be ((-5)/2)/((-3)/a). Suppose 123 = q - 2*o + h*o, -4*q + 4*o = -428. What is the hundreds digit of q?
1
Let f = 13 - 8. Suppose 0 = 4*a - 4*c - 24, 6*a - 3*a + 4*c + 3 = 0. Suppose a*o + 8 = f*o. What is the units digit of o?
4
Let z(g) = -744*g + 508. What is the tens digit of z(-10)?
4
Suppose 27 = c - p + 4*p, 0 = -2*c - 2*p + 34. Suppose 0 = -4*v - c, -3*v + 4343 = 4*o - 4*v. What is the hundreds digit of o?
0
Suppose -6*d - 625 = -3*d - 4*u, -d + 2*u - 205 = 0. Let z = 486 - d. What is the tens digit of z?
0
Suppose -63 = -3*n + z, -4*n + 73 = 2*z - 11. Suppose -n*l + 590 = -19*l. What is the units digit of l?
5
Suppose -56*p = -63*p - 15897. Let j = -623 - p. What is the hundreds digit of j?
6
Suppose 0 = 4*t + z, -4*z - z = -3*t + 23. What is the tens digit of 0 - (-406)/t*1/2?
0
Suppose -50533 = 134*f - 286413 - 2510852. What is the ten thousands digit of f?
2
Let a = 2324 - -12413. What is the tens digit of a?
3
Suppose 24*f - 207862 - 44526 - 682844 = 0. What is the tens digit of f?
6
Let l be 31/8 - 30/(-240). Suppose 0 = -l*m + 2*t + 8, t + 7 - 9 = -m. What is the units digit of m?
2
Suppose -2*p - 4 = -3*p, -4*p - 19 = 5*l. Let j be ((-98)/4)/(l/42). Let y = j + -90. What is the units digit of y?
7
Let o = 79901 - 52615. What is the units digit of o?
6
Let i(p) = p**2 + 47*p + 108. Let t be i(-36). Let o = t + 447. What is the hundreds digit of o?
1
Suppose 0 = 2*q + 52 - 70. Let y(p) = 6*p**2 - 6*p - 24. What is the hundreds digit of y(q)?
4
Let g(x) = -23*x + 21. Let a be 10 + (-3)/6*6. Suppose 0 = 3*l + a + 5. What is the tens digit of g(l)?
1
Suppose -3*p - 2*p + 4*r = -22, -3*r - 7 = p. Suppose -p*c = -5*i + 504, -c = -3*c - 4. What is the units digit of i?
0
Let g(m) = -m**3 + 14*m**2 + 18*m + 30. Suppose 4*s - 35 = o + 17, -4*s = -2*o - 48. What is the units digit of g(s)?
2
Let p(j) = -17*j + 1. Let g be (-1)/((-4)/(-18))*-2. Let n(o) = -o**2 + 10*o - 12. Let c be n(g). What is the units digit of p(c)?
2
Let t(y) = 2*y - 4*y + 4*y - y + y**2. Let k be t(-1). Suppose k*l - l = -24. What is the tens digit of l?
2
Suppose 2*g - d = -16569, -5*g - 2*d - 3*d = 41415. What is the units digit of g/(-28) - (-4)/28?
6
What is the thousands digit of ((-39)/6 - -8) + -3 - 176348/(-8)?
2
Suppose -2473*q - 15 = -2488*q. Suppose t + 13 = 33. What is the units digit of (1130/t)/(q/2)?
3
Let q(k) = -2*k**3 - 9*k**2 - 12*k - 26. Let l be q(-7). Let n = 158 + l. What is the units digit of n?
1
Let j(g) = 47*g**2 - 2. Suppose 0 = -2*l + 4, 2*q + 2*l - 6 = -14. Let r be (-1)/(-1) - (-3)/q*-2. What is the hundreds digit of j(r)?
1
Suppose -6*h = 2363*q - 2360*q - 125898, 5*q = -2*h + 41974. What is the hundreds digit of h?
9
Let p = -418 + 422. Suppose -p*n + 4272 = 15*z - 11*z, 5330 = 5*z + 3*n. What is the tens digit of z?
6
Let h(s) be the first derivative of 11*s**2/2 + 15*s + 1. Let a(f) = f**3 - f**2 + f + 5. Let p be a(0). What is the tens digit of h(p)?
7
Let s be (492/(-8))/((-3)/6). Let a = s + -123. Suppose n - 35 = -o, -5*n - 35 = -o - a*n. What is the units digit of o?
5
Let x = -74052 - -106963. What is the ten thousands digit of x?
3
Let q(j) = 36*j + 39. Let a be q(-1). Suppose a*n = 10*y - 8*y - 1640, -5*y - n + 4134 = 0. What is the tens digit of y?
2
Let p = 104 + -99. Suppose -1732 = -p*n - 3*z, -2*n + 4*n = -4*z + 690. What is the tens digit of n?
4
Suppose 3*n - 4*b - 15433 = 0, -4*n + 3*b + 18353 + 2229 = 0. What is the tens digit of n?
4
Let p be (1/2)/1 + 141/(-2). Let w be (-1 - (-4)/(-2))*p/35. Suppose -w*j + 348 = -3*j. What is the tens digit of j?
1
Let f be (1 - 4 - -1) + 121. Let k be ((-6)/14)/((-60)/(-21) - 3). Suppose k*p - 88 = f. What is the tens digit of p?
6
Let v be (-3)/((-18)/(-15))*(-8)/4. Suppose -10 = v*b, 4*g - 3*b = -8*b + 2. Suppose 5*s + g*q - 940 = 0, -s - 4*q = -9*q - 188. What is the units digit of s?
8
Let w = 92 + -100. Let c(f) = 2*f**2 - 16*f + 24. What is the tens digit of c(w)?
8
Suppose -2*b + 3*l = -13, -b - 3*l + 0*l = 7. Suppose -b*q + 2*y + 64 = 0, 0*y - y - 113 = -4*q. Suppose -q = n - 99. What is the tens digit of n?
7
Suppose 8*n = 6*n + 8. Suppose 2*g - 28 = n*v, -v - 1 = g - 0. What is the tens digit of (102/4)/(2/g)?
5
Let u(k) = k**3 + 16*k**2 - 80*k + 580. What is the tens digit of u(26)?
9
Suppose 0 = 201*o - 1809311 - 118078. What is the hundreds digit of o?
5
Let d = 74 + -55. Suppose 13*u - d*u + 24 = 0. Suppose -2*l = -u*o + l + 317, -5*o + 410 = -l. What is the units digit of o?
3
What is the thousands digit of ((-179 - -8) + -7)/(((-18)/(-165))/(-3))?
4
Let f = 17071 - 9809. What is the tens digit of f?
6
Let n be 8578/(-26) + 5/(-65). Let f = n - -504. What is the tens digit of f?
7
Suppose 164 - 64 = 2*f. Let n = f + -118. Let c = 54 - n. What is the units digit of c?
2
What is the hundreds digit of ((-55)/(-15) - 4)/((-16)/313440)?
5
Suppose 0 = 2*n - 6, 3*n - 22475 + 112434 = 4*q. What is the units digit of q?
2
Let q(t) = 4*t**3 - 5*t**3 + 342 - t**2 + 4*t**2 + 357 + 2*t. What is the hundreds digit of q(0)?
6
What is the ten thousands digit of (-1319480)/(-112) + ((-990)/140 - -7)?
1
Let q be (-1)/(-3)*(-5 + (5 - 0)). Suppose q*c = 4*c, 0 = -2*v + 2*c + 456. What is the hundreds digit of v?
2
Suppose 0 = 2379*s - 2387*s + 126928. What is the hundreds digit of s?
8
Let i(z) = z**3 + 10*z**2 + 9*z. Let p be i(-9). Suppose -5*u = -2*a - 65, -2*u + a + 5 + 20 = p. What is the hundreds digit of 2535/25 - 6/u?
1
Let a(h) = -2*h**3 + 10*h**2 - 5*h + 5. Let k be a(7). Let m = k - -382. What is the units digit of m?
6
Let p = -3434 + 1158. Let b = -1590 - p. What is the units digit of b?
6
Suppose 0 = -4*q - 2*q - 2664. Let n = 1796 + q. What is the thousands digit of n?
1
Let m(q) = q**2 + 1. Let j(u) = 1. Let b(a) = -4*a**2 + 23*a + 28. Let i(w) = b(w) - 3*j(w). Let r(h) = i(h) + 3*m(h). What is the units digit of r(21)?
0
Suppose -i - 1264 = k, -7*i + 3*k = -9*i - 2526. Let t = -263 - i. What is the tens digit of t?
0
What is the tens digit of ((-80)/15 - (-14)/6)*-3867?
0
Let w(s) = -s**3 + 7*s**2 - 13*s + 19. 